t is the remainder when 318 is divided by 154?
10
Calculate the remainder when 12297 is divided by 10.
7
Calculate the remainder when 28 is divided by 13.
2
Calculate the remainder when 160 is divided by 24.
16
What is the remainder when 781 is divided by 3?
1
Calculate the remainder when 19 is divided by 16.
3
Calculate the remainder when 618 is divided by 31.
29
Calculate the remainder when 283 is divided by 11.
8
Calculate the remainder when 73 is divided by 66.
7
Calculate the remainder when 788 is divided by 368.
52
Calculate the remainder when 1406 is divided by 1397.
9
Calculate the remainder when 41 is divided by 6.
5
What is the remainder when 1907 is divided by 385?
367
What is the remainder when 12071 is divided by 12?
11
What is the remainder when 1168 is divided by 375?
43
What is the remainder when 1127 is divided by 4?
3
What is the remainder when 384 is divided by 13?
7
Calculate the remainder when 504 is divided by 39.
36
Calculate the remainder when 3826 is divided by 89.
88
What is the remainder when 1125 is divided by 279?
9
Calculate the remainder when 1362 is divided by 66.
42
Calculate the remainder when 690 is divided by 174.
168
What is the remainder when 156 is divided by 68?
20
What is the remainder when 3588 is divided by 5?
3
Calculate the remainder when 87 is divided by 11.
10
Calculate the remainder when 54 is divided by 18.
0
Calculate the remainder when 543 is divided by 26.
23
Calculate the remainder when 253 is divided by 17.
15
What is the remainder when 122 is divided by 94?
28
Calculate the remainder when 418 is divided by 35.
33
Calculate the remainder when 8098 is divided by 150.
148
Calculate the remainder when 1728 is divided by 19.
18
Calculate the remainder when 181 is divided by 57.
10
What is the remainder when 275 is divided by 36?
23
What is the remainder when 2042 is divided by 28?
26
What is the remainder when 148 is divided by 46?
10
Calculate the remainder when 316 is divided by 38.
12
Calculate the remainder when 123 is divided by 21.
18
What is the remainder when 2657 is divided by 14?
11
What is the remainder when 1442 is divided by 45?
2
What is the remainder when 594 is divided by 550?
44
Calculate the remainder when 582 is divided by 39.
36
What is the remainder when 81 is divided by 76?
5
What is the remainder when 1957 is divided by 56?
53
Calculate the remainder when 29 is divided by 12.
5
What is the remainder when 306 is divided by 78?
72
What is the remainder when 297 is divided by 25?
22
What is the remainder when 549 is divided by 46?
43
What is the remainder when 725 is divided by 105?
95
What is the remainder when 152 is divided by 39?
35
Calculate the remainder when 121 is divided by 47.
27
Calculate the remainder when 638 is divided by 31.
18
Calculate the remainder when 40 is divided by 21.
19
Calculate the remainder when 19379 is divided by 10.
9
What is the remainder when 505 is divided by 39?
37
What is the remainder when 314 is divided by 139?
36
What is the remainder when 322 is divided by 55?
47
Calculate the remainder when 581 is divided by 19.
11
Calculate the remainder when 149 is divided by 70.
9
What is the remainder when 42 is divided by 30?
12
Calculate the remainder when 1949 is divided by 278.
3
Calculate the remainder when 438 is divided by 36.
6
Calculate the remainder when 472 is divided by 135.
67
Calculate the remainder when 2088 is divided by 16.
8
Calculate the remainder when 75 is divided by 73.
2
Calculate the remainder when 3517 is divided by 501.
10
What is the remainder when 252 is divided by 90?
72
Calculate the remainder when 662 is divided by 14.
4
What is the remainder when 71 is divided by 25?
21
Calculate the remainder when 57 is divided by 37.
20
What is the remainder when 235 is divided by 114?
7
Calculate the remainder when 198 is divided by 34.
28
Calculate the remainder when 10285 is divided by 8.
5
What is the remainder when 1645 is divided by 15?
10
Calculate the remainder when 659 is divided by 8.
3
What is the remainder when 229 is divided by 40?
29
Calculate the remainder when 11217 is divided by 29.
23
Calculate the remainder when 1998 is divided by 10.
8
Calculate the remainder when 192 is divided by 59.
15
Calculate the remainder when 61 is divided by 22.
17
What is the remainder when 142 is divided by 36?
34
What is the remainder when 1355 is divided by 32?
11
What is the remainder when 6525 is divided by 38?
27
What is the remainder when 568 is divided by 362?
206
What is the remainder when 373 is divided by 16?
5
Calculate the remainder when 558 is divided by 17.
14
Calculate the remainder when 139 is divided by 74.
65
What is the remainder when 355 is divided by 95?
70
What is the remainder when 70 is divided by 29?
12
What is the remainder when 112 is divided by 52?
8
Calculate the remainder when 379 is divided by 19.
18
Calculate the remainder when 115 is divided by 39.
37
Calculate the remainder when 936 is divided by 67.
65
What is the remainder when 725 is divided by 105?
95
What is the remainder when 376 is divided by 79?
60
Calculate the remainder when 2022 is divided by 26.
20
Calculate the remainder when 227 is divided by 7.
3
What is the remainder when 12162 is divided by 169?
163
What is the remainder when 63 is divided by 48?
15
Calculate the remainder when 645 is divided by 215.
0
What is the remainder when 4606 is divided by 767?
4
What is the remainder when 271 is divided by 262?
9
Calculate the remainder when 195 is divided by 11.
8
What is the remainder when 331 is divided by 32?
11
Calculate the remainder when 1891 is divided by 112.
99
What is the remainder when 263 is divided by 19?
16
Calculate the remainder when 149 is divided by 6.
5
Calculate the remainder when 228 is divided by 26.
20
Calculate the remainder when 2878 is divided by 45.
43
Calculate the remainder when 4662 is divided by 15.
12
Calculate the remainder when 41 is divided by 25.
16
Calculate the remainder when 136 is divided by 28.
24
What is the remainder when 75 is divided by 11?
9
Calculate the remainder when 726 is divided by 15.
6
What is the remainder when 1572 is divided by 16?
4
What is the remainder when 559 is divided by 144?
127
What is the remainder when 860 is divided by 72?
68
Calculate the remainder when 452 is divided by 161.
130
What is the remainder when 1037 is divided by 16?
13
Calculate the remainder when 11 is divided by 8.
3
Calculate the remainder when 685 is divided by 23.
18
Calculate the remainder when 376 is divided by 133.
110
What is the remainder when 885 is divided by 220?
5
Calculate the remainder when 145 is divided by 52.
41
Calculate the remainder when 295 is divided by 13.
9
Calculate the remainder when 14 is divided by 8.
6
What is the remainder when 87 is divided by 24?
15
Calculate the remainder when 22562 is divided by 69.
68
What is the remainder when 163 is divided by 150?
13
What is the remainder when 1563 is divided by 28?
23
What is the remainder when 1161 is divided by 165?
6
Calculate the remainder when 458 is divided by 93.
86
What is the remainder when 2006 is divided by 67?
63
What is the remainder when 8758 is divided by 20?
18
What is the remainder when 410 is divided by 21?
11
What is the remainder when 342 is divided by 166?
10
Calculate the remainder when 524 is divided by 4.
0
What is the remainder when 530 is divided by 222?
86
Calculate the remainder when 1597 is divided by 40.
37
What is the remainder when 494 is divided by 25?
19
What is the remainder when 443 is divided by 74?
73
Calculate the remainder when 272 is divided by 99.
74
Calculate the remainder when 1579 is divided by 98.
11
Calculate the remainder when 683 is divided by 111.
17
Calculate the remainder when 5616 is divided by 1867.
15
What is the remainder when 1179 is divided by 309?
252
Calculate the remainder when 457 is divided by 46.
43
Calculate the remainder when 2733 is divided by 76.
73
Calculate the remainder when 271 is divided by 13.
11
Calculate the remainder when 407 is divided by 183.
41
Calculate the remainder when 527 is divided by 130.
7
What is the remainder when 207 is divided by 21?
18
What is the remainder when 4779 is divided by 11?
5
What is the remainder when 1543 is divided by 423?
27